{"id":82,"date":"2013-01-08T17:23:31","date_gmt":"2013-01-08T15:23:31","guid":{"rendered":"http:\/\/ps-projektsachwert.de\/dev\/?page_id=82"},"modified":"2013-02-04T12:21:30","modified_gmt":"2013-02-04T10:21:30","slug":"kontakt","status":"publish","type":"page","link":"https:\/\/ps-projektsachwert.de\/?page_id=82","title":{"rendered":"Kontakt"},"content":{"rendered":"<p><strong>Der Kontakt zur PS Projektsachwert GmbH<\/strong><\/p>\n<p>Nat\u00fcrlich freuen wir uns auch auf Ihren pers\u00f6nlichen Kontakt in einem B\u00fcro unseres Netzwerkes. Wir bitten aber in jedem Fall um eine Terminabsprache, um unn\u00f6tige Wartezeiten oder vergebliche Besuche zu vermeiden.<\/p>\n","protected":false},"excerpt":{"rendered":"<p>Der Kontakt zur PS Projektsachwert GmbH Nat\u00fcrlich freuen wir uns auch auf Ihren pers\u00f6nlichen Kontakt in einem B\u00fcro unseres Netzwerkes. Wir bitten aber in jedem Fall um eine Terminabsprache, um unn\u00f6tige Wartezeiten oder vergebliche Besuche zu vermeiden.<\/p>\n","protected":false},"author":3,"featured_media":0,"parent":0,"menu_order":0,"comment_status":"closed","ping_status":"closed","template":"contact.php","meta":[],"_links":{"self":[{"href":"https:\/\/ps-projektsachwert.de\/index.php?rest_route=\/wp\/v2\/pages\/82"}],"collection":[{"href":"https:\/\/ps-projektsachwert.de\/index.php?rest_route=\/wp\/v2\/pages"}],"about":[{"href":"https:\/\/ps-projektsachwert.de\/index.php?rest_route=\/wp\/v2\/types\/page"}],"author":[{"embeddable":true,"href":"https:\/\/ps-projektsachwert.de\/index.php?rest_route=\/wp\/v2\/users\/3"}],"replies":[{"embeddable":true,"href":"https:\/\/ps-projektsachwert.de\/index.php?rest_route=%2Fwp%2Fv2%2Fcomments&post=82"}],"version-history":[{"count":6,"href":"https:\/\/ps-projektsachwert.de\/index.php?rest_route=\/wp\/v2\/pages\/82\/revisions"}],"predecessor-version":[{"id":114,"href":"https:\/\/ps-projektsachwert.de\/index.php?rest_route=\/wp\/v2\/pages\/82\/revisions\/114"}],"wp:attachment":[{"href":"https:\/\/ps-projektsachwert.de\/index.php?rest_route=%2Fwp%2Fv2%2Fmedia&parent=82"}],"curies":[{"name":"wp","href":"https:\/\/api.w.org\/{rel}","templated":true}]}}